?
False
Let u = 693 - 63. Suppose 11*a - u = -25. Is 55 a factor of a?
True
Let t = -55 - -38. Let u = 105 + t. Is u a multiple of 22?
True
Let w(u) = -13*u - 52. Let z be w(-10). Let b = z + 1. Is b a multiple of 53?
False
Let b be 74/26 + 38/247. Suppose 811 - 202 = b*h. Is h a multiple of 29?
True
Let v = 1287 - 771. Is 12 a factor of v?
True
Let r = 954 + -642. Suppose -14*j + r = -1564. Is j a multiple of 14?
False
Suppose 10*i = 23*i - 1495. Suppose -28*x + 33*x - i = 0. Is 23 a factor of x?
True
Is (-5 + (-3935)/(-15))/((-2)/(-3)) a multiple of 11?
False
Let a = 2111 - 1742. Is a a multiple of 3?
True
Let m(b) be the first derivative of b**3/3 + 5*b**2 - 3*b + 1. Let y(c) = -10*c + 45. Let j be y(4). Does 31 divide m(j)?
False
Suppose -l - 222 = l. Let j be 1/4 - l/(-12). Does 10 divide 12/j*(-135)/6?
True
Let r(l) = 65*l. Suppose 2*o + 0*o = -3*m + 11, 4*o + 3*m = 13. Is r(o) a multiple of 15?
False
Let r(y) = -26*y - 16. Let z(l) = -5*l - 3. Let c(k) = 3*r(k) - 14*z(k). Let q be c(-6). Is 6/(-7)*(0 - q) a multiple of 12?
True
Let n(b) = b**3 + b**2 - b - 4. Let i(t) = -2*t**3 - 3*t**2 + t + 7. Let k(r) = 6*i(r) + 10*n(r). Is 18 a factor of k(-5)?
True
Let t be (-1)/(-4) - (-835)/20. Is 14 a factor of (t + (-8)/(-2))*2?
False
Let y(l) = -32*l**3 + 4*l**2 + 8*l - 3. Is y(-2) a multiple of 14?
False
Let l(o) = -o**2 + 24*o - 55. Is l(14) a multiple of 29?
False
Let w = 21 + 3. Is 5 a factor of (10/8)/(6/w + 0)?
True
Let c(v) = -v**3 - 7*v**2 + 23*v - 14. Is 26 a factor of c(-10)?
False
Let z(b) = -11*b**2 - 26*b + 27. Let h(l) = -6 - 7*l**2 + 9 + 15 - 17*l. Let j(u) = -8*h(u) + 5*z(u). Is j(-9) a multiple of 7?
False
Let w(g) = -2*g + 16. Let a be w(6). Let d = a + 74. Does 13 divide d?
True
Let x be ((-7)/((-84)/(-30)))/((-1)/286). Suppose -83 - x = -3*f. Is 14 a factor of f?
True
Let o(a) = -2*a - 28. Let f(g) = -g - 14. Let l(h) = 5*f(h) - 3*o(h). Is l(14) a multiple of 7?
True
Let w(i) = -5*i + 13. Let l be w(4). Let p(t) = -3*t + 6. Is 4 a factor of p(l)?
False
Let w be 0 + -3 - 760/8. Let m = w + 173. Does 25 divide m?
True
Let b(g) = -3*g**3 - 7*g**2 - 3*g + 4. Let n be b(-4). Suppose 0 = -5*h + 3*h + n. Suppose 0 = -5*q + 4*y + 133, -2*q = -0*q + y - h. Does 11 divide q?
False
Suppose 0 = -26*b - 962 + 12818. Is b a multiple of 19?
True
Suppose -13*r + 10*r = 54. Does 5 divide (-61)/(-6) - (-3)/r?
True
Let i(d) = -14*d**3 - 7*d + 1. Let p(c) = -21*c**3 - 10*c + 1. Let k(q) = 7*i(q) - 5*p(q). Does 16 divide k(2)?
False
Suppose -2 = 2*x - 8. Let d(y) = 10*y**2 - 2*y**x - 2*y + 11*y**3 - 14 - 8*y**3. Is 3 a factor of d(-10)?
True
Let t(a) = -6*a + 6. Suppose -4*f = 3*q - 11 - 1, 12 = 4*f - 3*q. Let b = f - 8. Does 12 divide t(b)?
True
Let r(n) = n**3 - n**2 + 3*n + 140. Is r(0) a multiple of 14?
True
Suppose -2*n - 3*g = -1876, -8*n = -3*n + 2*g - 4690. Is 16 a factor of n?
False
Suppose 2*f - 97 = -89. Suppose -4*o = -s - 4*s + 191, f*s = 3*o + 153. Is s a multiple of 13?
True
Let a(c) = 21*c**2 - 17*c + 29. Is a(-8) a multiple of 13?
False
Suppose 2*s - 3*k = 794, -12*k + 16*k = 4*s - 1592. Is 10 a factor of s?
True
Is 28 a factor of ((-9408)/80)/(3/(-15))?
True
Let c(p) = p**2 + 2*p + 5. Let w(b) = -2*b**2 - 4*b - 9. Let t(a) = -7*c(a) - 4*w(a). Let g be t(-7). Let k = -24 + g. Does 4 divide k?
True
Suppose 3*y + 5*o - 11 = 0, 0*o = -5*o + 5. Suppose -y*i + 149 = 7. Is 15 a factor of i?
False
Let p(g) be the third derivative of -g**5/60 - 3*g**4/4 - 4*g**3 + 20*g**2. Is p(-10) a multiple of 8?
True
Suppose 6*u - 6 = -0*u. Is 14 a factor of (2058/63)/((-4)/(-3) - u)?
True
Let q(t) = 32*t + 190. Is q(8) a multiple of 44?
False
Suppose -k = b + 16, 0*k = 4*k + 2*b + 68. Let d be (1/3)/((-3)/k). Suppose -96 - 80 = -d*l. Is 28 a factor of l?
False
Suppose 0 = 5*a - 252 - 638. Is a a multiple of 8?
False
Suppose 11*n - 7*n + 2176 = 2*u, 4334 = 4*u + n. Is 110 a factor of u?
False
Let m(q) be the second derivative of -q**3/6 + 55*q**2/2 + 8*q. Does 3 divide m(0)?
False
Does 80 divide (27950/(-39))/(6/(-9)) + -4?
False
Let g(u) = u**2 - 10*u - 25. Let d be 4/4 + (12 - -4). Is 5 a factor of g(d)?
False
Suppose z = 2*r + 12, -6*z = -3*z - 3*r - 24. Suppose k - z*k + 75 = 0. Suppose -5*v - 2*n + 11 = -141, -k = -v + 5*n. Is 17 a factor of v?
False
Suppose -3*a = a. Suppose c - 6*c - 30 = a. Let z = c - -23. Is z a multiple of 13?
False
Suppose 2 - 4 = -2*j. Let g be 2/j + (-2 - 2). Is (-2)/(-1) + g + 16 a multiple of 8?
True
Suppose -177 = 20*n - 497. Does 11 divide n?
False
Let j = 256 + -200. Is j a multiple of 9?
False
Suppose -3*b = -4*b + 14. Let h(x) = x**2 - 12*x + 4. Does 9 divide h(b)?
False
Let r be (2 + 10)*(-4)/(-3). Let x = 13 - r. Let j(k) = 6*k**2 + 3*k - 4. Does 14 divide j(x)?
False
Suppose -5*w + i = -1310, w - 259 = 2*i - 6. Does 9 divide w?
False
Suppose -2*b + 1010 = 2*n, -4*b = n - 9*b - 493. Is 27 a factor of n?
False
Let a be (21/2)/3*-38. Let g = 104 - 313. Let h = a - g. Does 38 divide h?
True
Let m(b) be the second derivative of -b**5/20 + 3*b**4/4 - 5*b**3/3 - b**2/2 + 25*b. Is m(7) a multiple of 3?
True
Let n(k) = -11*k**2 + 9*k + 10. Let h be n(-5). Let g = -185 - h. Is g a multiple of 30?
False
Suppose -3 = 2*m + 5, z - m = -124. Let r be -2 + -2 - (1 + z). Suppose -q + r = 5*g, 0 = -2*g + 2*q - 21 + 75. Is 12 a factor of g?
False
Let s(x) = 13*x**2 - 15*x - 85. Is s(-5) a multiple of 4?
False
Suppose 0 = 4*k - 617 - 263. Is k a multiple of 14?
False
Suppose -s = y - 662, -845 = -4*s - y + 1797. Does 60 divide s?
True
Let l = 41 - 38. Suppose l*p + 133 = 4*p. Does 19 divide p?
True
Let k = 16 + 117. Let j = k + -210. Let z = j + 115. Is z a multiple of 22?
False
Let w = -14 + 3. Let v(r) = r**2 + 10*r - 9. Let u be v(w). Suppose -40 = -u*k + 28. Is 28 a factor of k?
False
Let p = 0 - 2. Let v be (p/(-4))/(4/8). Suppose 0 = d - v - 3. Is 4 a factor of d?
True
Let o = 1715 + -1078. Is o a multiple of 44?
False
Does 5 divide (-18 + 0)/((-1143)/(-144) - 8)?
False
Is 0/3 - 2 - 272/(-1) a multiple of 18?
True
Suppose 80*r = 73*r + 2359. Is 4 a factor of r?
False
Let w(i) = 6*i**2 - 10*i - 5. Is w(10) a multiple of 33?
True
Let v(o) = -o**3 + o**2 + o + 84. Is 28 a factor of v(0)?
True
Is (126/(-84))/(6/(-128)) a multiple of 2?
True
Suppose 0 = 2*b + 2*z - 4, -4 - 2 = -4*b - 5*z. Suppose -5*l + b = -4*l. Suppose 32 = 2*k - 2*h, 2*k + 3*k - 78 = l*h. Is 3 a factor of k?
False
Suppose -7*n = -11*n + 32. Suppose -4*k = n, -5*k + 165 = 2*d - 13. Is d a multiple of 31?
False
Let a = 18 + -18. Suppose a = -18*g + 13*g + 140. Does 14 divide g?
True
Suppose 12*r = -4*v + 15*r - 20, 2*v - 5*r = 4. Let z be -1*1*-2*6. Let x = z + v. Does 4 divide x?
True
Let b = 8 + 23. Let v be 48/40*-1*20. Let x = v + b. Is x even?
False
Let r(f) = 8*f**2 + 14*f. Does 16 divide r(7)?
False
Let h = 191 + 269. Is 20 a factor of h?
True
Let n(j) = -11*j**2 + 11*j**2 - 10*j - 5 - j**2. Suppose -3*b - 16 = 2*y, -2*y + 4*b = 3*y + 40. Is n(y) a multiple of 2?
False
Suppose -5*j - 3*c + 24 = 0, 3*j - 6 + 0 = c. Suppose n - j*n = -30. Is n a multiple of 5?
True
Let o be (-1)/(-1) + 1 + -86. Let w = o + 168. Let h = w - 48. Is h a multiple of 9?
True
Suppose -3*l - 5*o + 40 = -6, -14 = -2*l + 5*o. Does 5 divide l?
False
Let u be (-2)/(6/(-9))*1. Suppose -u*z + 5*g + 2 = 0, z - 4*g + 20 = 4*z. Suppose d = -z*d + 120. Does 24 divide d?
True
Let z(x) = 218*x**2 + 232*x + 5. Is z(-3) a multiple of 84?
False
Let k(l) = 27*l**2 + 9*l + 35. Does 2 divide k(-3)?
False
Is 5/(((-7 - -4)/(-51))/3) a multiple of 5?
True
Is (-880740)/(-855) - 1/(-19)*-2 a multiple of 7?
False
Let n = -90 - -94. Suppose -g + 2*v = -95, 2*v = -n*g + 2*g + 190. Does 5 divide g?
True
Let x(z) = -z**3 + 11*z**2 - 9*z - 10. Let r be x(10). Suppose -3*q - 281 + 82 = -4*i, -4*i + q + 205 = r. Suppose -16 = d - i. Does 10 divide d?
False
Let l(i) = 12*i + 122. Is 13 a factor of l(5)?
True
Let s(g) = g**2 - 3*g - 7. Let x be s(5). Suppose 0 = -3*f + 4*a + 84 - x, 0 = f + 2*a - 17. Is f a multiple of 3?
False
Let z = 506 - 386. Does 4 divide z?
True
Suppose 0 = 5*h - 537 - 833. Is 23 a factor of h?
False
Suppose 4*n + 420 = -5*p, 5*n - 3*p + 418 = -144. Let l = n - -574. Suppose 3*f = -2*f + x + l, -296 = -3*f + 5*x. Does 23 divide f?
True
Suppose 4*d + 2 + 122 = 4*a, d + 33 = 2*a. Sup